6*i**2 + 6*i + 3. Give h(7).
-4
Let q(o) = -o**2 + 2*o + 3. Determine q(5).
-12
Let j(s) = 2*s - 9. What is j(18)?
27
Let f(l) = 3*l + 20. What is f(-14)?
-22
Let b(g) = -2*g**2 - 7*g + 2. Give b(-5).
-13
Let r(q) = -q**3 + 12*q**2 + 13*q + 10. Give r(13).
10
Let v(u) = u**2 + 4*u - 45. Give v(-9).
0
Let z(f) = -f**2 - 11*f - 5. Determine z(-8).
19
Let y(i) = 17*i**2 - i + 1. Give y(1).
17
Let f(m) = 11*m + 41. Calculate f(-8).
-47
Let l(g) = -2*g + 16. What is l(17)?
-18
Let l(o) = o**2 - 7. Determine l(0).
-7
Let r(l) = -2*l + 94. Give r(-15).
124
Let n(q) = -q**3 + 36*q**2 - q + 43. Give n(36).
7
Let x(m) = -m - 3. Give x(6).
-9
Let r(a) = -a**2 + 29*a - 24. Calculate r(29).
-24
Let j(h) = h - 1. Give j(14).
13
Let a(x) = x**3 + 2*x**2 + 2*x - 1. Determine a(2).
19
Let t(d) = -12*d + 11. Determine t(-2).
35
Let c(f) = f**3 + 3*f**2 + f - 5. Determine c(-4).
-25
Let d(b) = 5*b + 30. Give d(-5).
5
Let h(f) = -f**3 - 19*f**2 + 41*f + 8. Determine h(-21).
29
Let r(n) = -2*n**2 + 2*n - 8. Determine r(8).
-120
Let b(v) = -20*v**3 + 2*v**2 + 2*v + 1. Determine b(-1).
21
Let h(b) = -29*b**2 - b + 2. What is h(1)?
-28
Let c(s) = -2*s**2 + 7*s + 25. Give c(6).
-5
Let n(u) = 3*u + 12. Determine n(-3).
3
Let y(n) = -n**3 - 29*n**2 + 93*n - 99. What is y(-32)?
-3
Let y(p) = p**2 - 20*p + 62. What is y(17)?
11
Let r(n) = n**3 + 36*n**2 - 3*n - 105. Calculate r(-36).
3
Let c(w) = 3*w - 9. Calculate c(6).
9
Let y(o) = -o**2 + 34*o - 207. Give y(26).
1
Let w(n) = n**3 + 7*n**2 + 9*n - 10. Give w(-5).
-5
Let g(d) = 3*d - 25. What is g(27)?
56
Let t(n) = 16*n**2 - 5*n - 3. Determine t(2).
51
Let g(p) = 4*p**2 - 178*p + 92. Determine g(44).
4
Let c(b) = 8*b - 4. Calculate c(3).
20
Let c(s) = -s**3 + 6*s**2 + 3*s - 8. Calculate c(6).
10
Let c(o) = -o**3 - 8*o**2 + 3*o + 78. Give c(-7).
8
Let a(o) = -o**3 - 19*o**2 + 22*o + 16. What is a(-20)?
-24
Let b(g) = -44*g - 34. Give b(-1).
10
Let n(r) = -r**3 + 6*r**2 - 5*r. Give n(6).
-30
Let m(x) = -x**3 + 12*x**2 - 37*x + 2. Give m(5).
-8
Let d(o) = o**3 + 12*o**2 + 3*o - 17. Determine d(-12).
-53
Let g(o) = -o**2 - 2*o + 2. Calculate g(2).
-6
Let p(k) = k**3 - 7*k**2 + 3*k + 7. Determine p(6).
-11
Let p(m) = m**2 - 11*m - 28. Determine p(12).
-16
Let u(t) = -t**2 - 25*t - 134. What is u(-8)?
2
Let z(m) = -34*m + 2. Determine z(1).
-32
Let q(f) = -3*f**3 - 4*f**2. What is q(-3)?
45
Let t(k) = -8*k**3 - 3*k + 3. What is t(1)?
-8
Let c(j) = -2*j**2 - 3*j + 13. Give c(0).
13
Let y(v) = 22*v + 3. Determine y(2).
47
Let o(c) = -c**2 + 13*c - 3. Calculate o(14).
-17
Let a(p) = p**3 + 25*p**2 + 49*p + 72. Calculate a(-23).
3
Let i(r) = r**3 - 9*r**2 - 5*r - 35. Determine i(10).
15
Let d(t) = t - 3. Calculate d(6).
3
Let n(u) = u**3 + 14*u**2 - 7*u - 96. Calculate n(-14).
2
Let b(s) = s**2 - 27*s + 44. Determine b(25).
-6
Let i(x) = x**3 + 10*x**2 - 6. Calculate i(-10).
-6
Let q(g) = 3*g - 36. Give q(14).
6
Let h(a) = 12*a + 40. Determine h(-7).
-44
Let a(j) = -2*j**2 - 8*j. What is a(-6)?
-24
Let z(p) = -3*p**2 + 13*p - 10. Determine z(4).
-6
Let c(j) = 10*j + 4. Determine c(-3).
-26
Let h(m) = -10*m + 758. Calculate h(76).
-2
Let y(s) = s**3 - 6*s**2 - 17*s + 53. Give y(7).
-17
Let i(l) = 3*l**2 + 33*l + 55. Determine i(-9).
1
Let s(p) = p**2 - p + 1. What is s(4)?
13
Let m(v) = -v**3 - 16*v**2 - v - 16. Calculate m(-16).
0
Let p(g) = 3*g - 25. Give p(11).
8
Let u(f) = 3*f + 44. What is u(-33)?
-55
Let k(m) = m**2 + 7*m - 18. Determine k(-10).
12
Let c(a) = -a**3 - 29*a**2 - 14*a - 409. Determine c(-29).
-3
Let r(z) = -z**2 - 28*z - 23. Calculate r(-27).
4
Let y(m) = -2*m - 18. Determine y(-1).
-16
Let a(z) = -z + 2. Calculate a(-10).
12
Let s(a) = a**3 - 3*a**2 - 13*a + 5. Give s(5).
-10
Let v(r) = r**2 + 20*r + 21. Calculate v(-19).
2
Let q(j) = 8*j - 58. Calculate q(6).
-10
Let r(q) = -q**2 - 2*q + 9. Give r(-5).
-6
Let d(n) = -n**2 - 38*n + 262. Calculate d(6).
-2
Let o(c) = -c + 8. Determine o(10).
-2
Let t(v) = -v - 10. Give t(0).
-10
Let k(a) = 24*a - 26. Determine k(1).
-2
Let v(k) = -k**2 + k - 3. Give v(5).
-23
Let g(r) = 2*r**3 + 7*r**2 - 12*r - 40. Calculate g(-3).
5
Let f(a) = -a**3 - 3*a**2 - 2*a - 5. Calculate f(-4).
19
Let f(u) = u**2 - u - 4. Calculate f(5).
16
Let w(s) = -s**3 + 6*s**2 + 2*s - 6. Give w(6).
6
Let i(u) = -u**2 + 19*u - 23. Calculate i(18).
-5
Let m(d) = -3*d**2 + 22*d - 4. Determine m(9).
-49
Let p(i) = -i**3 + 32*i**2 - 4. What is p(32)?
-4
Let r(t) = -t**2 + 6*t + 7. Give r(9).
-20
Let j(o) = -o + 2. Calculate j(11).
-9
Let c(f) = -f**2 + f + 81. What is c(-8)?
9
Let l(i) = -15*i**2 - 76*i - 4. What is l(-5)?
1
Let x(d) = 2*d**2 - 2*d - 211. Give x(11).
9
Let i(a) = -4*a - 4. What is i(-4)?
12
Let d(h) = -h**2 + 58*h - 354. What is d(51)?
3
Let g(j) = -103*j - 617. Determine g(-6).
1
Let p(y) = y**3 - 2*y**2 + 3*y. What is p(2)?
6
Let z(r) = 2*r**2 + 58*r + 206. Give z(-4).
6
Let u(q) = q**2 + 33*q - 36. Determine u(-34).
-2
Let y(b) = 6*b + 45. Determine y(-9).
-9
Let a(t) = 31*t**3 - 2*t**2 + 1. Determine a(1).
30
Let b(c) = 6*c - 49. What is b(7)?
-7
Let i(g) = 17*g - 115. Calculate i(7).
4
Let f(k) = 3*k**2 + 6*k - 21. Determine f(-5).
24
Let h(c) = -c**2 - 5*c + 16. What is h(-8)?
-8
Let c(w) = -w**3 - 6*w**2 - 5. Determine c(-6).
-5
Let b(h) = h**3 - 7*h**2 - 9*h - 11. What is b(8)?
-19
Let n(s) = s**3 + 5*s**2 - 11*s - 5. What is n(-7)?
-26
Let m(r) = -r**2 + 4*r - 5. Calculate m(3).
-2
Let a(i) = 2*i + 3. Calculate a(-3).
-3
Let q(i) = 2*i**3 + 9*i**2 + 17*i + 3. Calculate q(-3).
-21
Let f(p) = -p**3 - p**2 + p + 3. Determine f(2).
-7
Let y(c) = -c + 11. Determine y(7).
4
Let d(j) = j**2 - 14*j + 24. Calculate d(9).
-21
Let r(w) = -4*w - 6. Determine r(11).
-50
Let i(r) = r**3 - r**2 + r - 2. Calculate i(2).
4
Let d(h) = h**3 + 4*h**2 + 6*h + 2. Give d(-5).
-53
Let l(t) = t**3 + t**2 - 5*t - 3. Determine l(2).
-1
Let s(q) = q**2 + 15*q - 117. Calculate s(7).
37
Let r(x) = -2*x**2 + 53*x - 77. Give r(25).
-2
Let n(q) = 2*q - 10. Give n(8).
6
Let v(u) = u**2 + 2*u - 4. What is v(-4)?
4
Let z(s) = -s. Determine z(-13).
13
Let h(g) = -5*g + 133. Calculate h(28).
-7
Let o(y) = 11*y - 556. Give o(51).
5
Let k(p) = -p**3 - 3*p**2 + 2*p + 9. What is k(0)?
9
Let k(i) = -2*i**2 - 7*i + 29. Calculate k(-9).
-70
Let h(q) = q + 25. Give h(-17).
8
Let i(q) = -q**3 - 4*q**2 - 5. Give i(-4).
-5
Let v(x) = 2*x**2 + 72*x + 138. Give v(-34).
2
Let u(t) = -t**2 + 1. What is u(4)?
-15
Let o(l) = -l**2 - 4*l + 1. Give o(-11).
-76
Let t(c) = 3*c**2 - c + 4. Calculate t(5).
74
Let a(r) = 30*r + 152. Calculate a(-5).
2
Let a(p) = 14*p + 19. Calculate a(-4).
-37
Let s(m) = 7*m + 20. What is s(-6)?
-22
Let p(l) = l**3 + 4*l + 1. Determine p(-3).
-38
Let m(s) = -s**3 - 14*s**2 - 13*s + 22. Give m(-13).
22
Let j(g) = -g**2 - g - 2. Determine j(-6).
-32
Let s(t) = t**3 + 5*t**2 - 9*t - 16. What is s(-6)?
2
Let t(l) = -l**2 - 3*l - 8. What is t(-6)?
-26
Let u(t) = -t**3 + 5*t**2 - 2*t - 6. Determine u(3).
6
Let g(r) = r**3 + 14*r**2 + 7. What is g(-14)?
7
Let d(r) = 3*r**2 - 22*r + 15. Give d(10).
95
Let w(l) = l**2 + 18*l - 25. Determine w(-18).
-25
Let m(l) = -15*l - 758. Give m(-50).
-8
Let b(x) = 9*x - 89. Determine b(5).
-44
Let s(g) = -g + 23. Calculate s(24).
-1
Let f(r) = 22*r + 74. Calculate f(-4).
-14
Let m(i) = -i**3 - 6*i**2 - i - 7. Calculate m(-6).
-1
Let k(l) = l**3 - l**2 + l + 21. Calculate k(0).
21
Let p(h) = 2*h. Give p(-3).
-6
Let w(t) = 3*t**2 + 8*t + 1. What is w(-5)?
36
Let n(v) = -v**2 + 9*v + 6. What is n(5)?
26
Let w(u) = -2*u + 2. Determine w(1).
0
Let r(o) = -o**2 + 15. What is r(-3)?
6
Let n(p) = -10*p + 16. Determine n(5).
-34
Let z(n) = -n**2 - 2*n + 2. Calculate z(-3).
-1
Let d(n) = -3*n**2 + 14*n + 9. Determine d(5).
4
Let v(s) = 2*s**2 + 18*s - 41. Calculate v(-12).
31
Let b(g) = g**2 + 26*g - 12. Determine b(-27).
15
Let x(l) = -l**3 + 12*l**2 + 13*l - 13. Calculate x(13).
-13
Let v(t) = 2*t**3 - 14*t**2 + 6*t - 1. Determine v(7).
41
Let d(f) = 7*f - 114. Determine d(16).
-2
Let v(d) = -d**2 - 2*d + 27. What is v(0)?
27
Let x(m) = -m**3 + 12*m**2 - 26*m - 25. Calculate x(9).
-16
Let t(w) = -4*w**3 + 3*w**2 + 6*w - 8. Determine t(3).
-71
Let z(x) = 5*x - 34. Calculate z(5).
-9
Let x(l) = -20*l + 5. What is x(2)?
-35
Let f(c) = -18*c + 20. What is f(9)?
-142
Let x(v) = v -